 79, 3708697
What are the prime factors of 1742952675?
3, 5, 2579, 9011
What are the prime factors of 92233168?
2, 1423, 4051
List the prime factors of 1300047581.
7, 8969, 20707
List the prime factors of 5572390811.
13, 41, 127, 191, 431
What are the prime factors of 387996571?
41, 79, 103, 1163
List the prime factors of 69400806.
2, 3, 19, 179
List the prime factors of 1539096575.
5, 97, 634679
List the prime factors of 896871762.
2, 3, 49826209
What are the prime factors of 1489435063?
181, 223, 36901
What are the prime factors of 118552929?
3, 11, 359, 10007
List the prime factors of 3315197509.
13, 5387, 47339
What are the prime factors of 1588796166?
2, 3, 17, 41, 379913
List the prime factors of 84137834.
2, 11, 31607
List the prime factors of 104669445.
3, 5, 839, 8317
What are the prime factors of 249356522?
2, 7757, 16073
List the prime factors of 5849103679.
6577, 889327
List the prime factors of 777074232.
2, 3, 11, 107, 27509
What are the prime factors of 187304034?
2, 3, 31217339
List the prime factors of 2168861075.
5, 86754443
List the prime factors of 1141873943.
7, 2287, 71327
List the prime factors of 633863315.
5, 3253, 38971
List the prime factors of 291876021.
3, 10810223
What are the prime factors of 103592387?
103592387
List the prime factors of 17711933.
19, 932207
What are the prime factors of 508948887?
3, 169649629
List the prime factors of 142541715.
3, 5, 9502781
List the prime factors of 437478865.
5, 241, 439, 827
List the prime factors of 2418908772.
2, 3, 7, 19, 67, 22621
List the prime factors of 57345749.
5333, 10753
What are the prime factors of 212567355?
3, 5, 7, 11, 13
What are the prime factors of 104789984?
2, 13, 109, 2311
List the prime factors of 206894683.
23, 2549, 3529
List the prime factors of 752265436.
2, 13, 17, 850979
What are the prime factors of 62073156?
2, 3, 103, 50221
List the prime factors of 720313537.
1123, 641419
List the prime factors of 221679936.
2, 3, 128287
List the prime factors of 680815347.
3, 226938449
List the prime factors of 757222607.
53, 431, 33149
List the prime factors of 541813507.
23, 3919, 6011
What are the prime factors of 44045193?
3, 41, 433, 827
List the prime factors of 144815279.
7, 20687897
List the prime factors of 29337431.
29337431
List the prime factors of 1441692356.
2, 13, 1129, 1889
What are the prime factors of 143548901?
17, 89, 5581
List the prime factors of 235710427.
1601, 147227
List the prime factors of 249316004.
2, 7, 8904143
What are the prime factors of 280775252?
2, 233, 419, 719
What are the prime factors of 1574758400?
2, 5, 30757
What are the prime factors of 5043389515?
5, 23, 229, 191509
List the prime factors of 105165018.
2, 3, 7, 834643
What are the prime factors of 482041554?
2, 3, 80340259
List the prime factors of 4993970669.
37501, 133169
List the prime factors of 896538252.
2, 3, 23, 3248327
What are the prime factors of 2294657627?
2294657627
What are the prime factors of 138317016?
2, 3, 643, 8963
List the prime factors of 3113130770.
2, 5, 43, 7239839
List the prime factors of 234240285.
3, 5, 15616019
List the prime factors of 465547840.
2, 5, 229, 6353
List the prime factors of 31749660.
2, 3, 5, 23, 7669
What are the prime factors of 868757063?
868757063
What are the prime factors of 576185033?
6163, 93491
List the prime factors of 2707273444.
2, 19, 35622019
What are the prime factors of 24701954?
2, 23, 536999
What are the prime factors of 192344651?
61, 3153191
List the prime factors of 66800188.
2, 7, 13, 23, 79, 101
List the prime factors of 51365730.
2, 3, 5, 13, 131707
List the prime factors of 171837923.
733, 234431
List the prime factors of 868841598.
2, 3, 7949, 18217
List the prime factors of 101718310.
2, 5, 17, 307, 1949
List the prime factors of 210210991.
210210991
What are the prime factors of 52868913?
3, 1669, 10559
What are the prime factors of 7124280182?
2, 3562140091
What are the prime factors of 99633862?
2, 61, 547, 1493
What are the prime factors of 69561888?
2, 3, 11, 19, 3467
What are the prime factors of 369915668?
2, 1367, 67651
List the prime factors of 867075914.
2, 89, 4871213
List the prime factors of 5105441341.
7, 11, 13, 19, 268439
List the prime factors of 58537051.
29, 113, 17863
What are the prime factors of 49027059?
3, 1815817
List the prime factors of 1573899231.
3, 11047, 47491
What are the prime factors of 80112944?
2, 5007059
What are the prime factors of 110228624?
2, 11, 37, 16927
List the prime factors of 1348380246.
2, 3, 3917, 57373
What are the prime factors of 102097246?
2, 1297, 39359
What are the prime factors of 1860343804?
2, 11, 42280541
What are the prime factors of 26899032?
2, 3, 17, 65929
What are the prime factors of 64183538?
2, 149, 215381
List the prime factors of 268095301.
19, 103, 136993
What are the prime factors of 35955843?
3, 7, 11, 155653
List the prime factors of 748931436.
2, 3, 11, 19, 9049
What are the prime factors of 1589447217?
3, 529815739
What are the prime factors of 266168183?
266168183
List the prime factors of 72853636.
2, 17, 1071377
List the prime factors of 304965728.
2, 9530179
What are the prime factors of 3611371459?
15683, 230273
What are the prime factors of 170163717?
3, 229, 247691
List the prime factors of 43952863.
43952863
What are the prime factors of 84194543?
31, 109, 24917
What are the prime factors of 371997861?
3, 31, 1117, 3581
List the prime factors of 269819332.
2, 107, 149, 4231
What are the prime factors of 2556572150?
2, 5, 11, 4648313
What are the prime factors of 2959824151?
17, 174107303
List the prime factors of 1036278221.
11, 19, 139, 35671
List the prime factors of 197337978.
2, 3, 83, 44029
List the prime factors of 3174967205.
5, 8521, 74521
What are the prime factors of 88378506?
2, 3, 1069, 1531
What are the prime factors of 248853751?
1279, 194569
What are the prime factors of 2554051231?
19, 907, 148207
List the prime factors of 3157411635.
3, 5, 7, 10023529
What are the prime factors of 1938939991?
1938939991
What are the prime factors of 9767119?
199, 49081
What are the prime factors of 194523946?
2, 31, 83, 103, 367
What are the prime factors of 192948084?
2, 3, 7, 89, 1229
What are the prime factors of 648897045?
3, 5, 23, 59, 71, 449
What are the prime factors of 19250382?
2, 3, 19, 168863
What are the prime factors of 84677289?
3, 17, 101, 967
List the prime factors of 25214581.
7, 3602083
List the prime factors of 15272950.
2, 5, 7, 11, 3967
List the prime factors of 46362876.
2, 3, 7, 17, 32467
List the prime factors of 1907909008.
2, 4007, 29759
List the prime factors of 38745674.
2, 11, 19, 92693
What are the prime factors of 46756143?
3, 7, 59, 599
What are the prime factors of 2290758459?
3, 11, 29, 2393687
What are the prime factors of 1509614964?
2, 3, 11, 13, 127, 2309
List the prime factors of 2133545997.
3, 11, 2423, 26683
List the prime factors of 1477085476.
2, 61, 2081, 2909
List the prime factors of 1103344421.
17, 19, 379, 9013
List the prime factors of 394995095.
5, 11, 7181729
List the prime factors of 151492458.
2, 3, 13, 41, 127, 373
What are the prime factors of 38388902?
2, 19194451
What are the prime factors of 633488395?
5, 126697679
What are the prime factors of 25404038?
2, 11, 179, 6451
What are the prime factors of 80636845?
5, 67, 240707
List the prime factors of 867318061.
19, 45648319
List the prime factors of 346242095.
5, 69248419
What are the prime factors of 14996210?
2, 5, 17, 5189
What are the prime factors of 48932053?
48932053
List the prime factors of 10478983.
10478983
What are the prime factors of 523553648?
2, 2797, 11699
What are the prime factors of 279702456?
2, 3, 11, 1059479
List the prime factors of 550249648.
2, 13, 2645431
What are the prime factors of 732518131?
732518131
List the prime factors of 14861473.
11, 23, 58741
What are the prime factors of 184381363?
23, 348547
List the prime factors of 5422676679.
3, 7, 29, 61, 331
What are the prime factors of 2466456003?
3, 11, 29, 859093
What are the prime factors of 1823206?
2, 7, 11, 11839
List the prime factors of 359544177.
3, 67, 97, 683
What are the prime factors of 406136506?
2, 203068253
List the prime factors of 207042903.
3, 3217, 7151
What are the prime factors of 60083482?
2,